alculate -4 + (-1 + -26 - -17).
-14
95 - 55 - 47 - (4 + -8)
-3
What is 397 + -361 + (13 - 13)?
36
-1 + (-8 - (14 - 9)) + 43 + -40 - -47
36
Evaluate -6 + -62 + (-43 - -38).
-73
-15 + 49 - 17 - 29 - 25
-37
What is -60 - 4 - (18 + -19 - (9 - 1))?
-55
-13 + (-16 + 7 - -19) + 31
28
What is (437 - 503) + (33 - 1)?
-34
-5 - (-23 - ((18 - 28) + -71 + -19))
-82
What is the value of -10 + 17 + -84 + 15 + -6 + (0 - 5)?
-73
-15 + (163 - ((-45 - -51) + 11))
131
What is 306 - 325 - -1 - (-11 + 1)?
-8
Evaluate 150 + -209 + 53 + 156.
150
What is the value of 81 + -32 + -18 - (-2 + 11)?
22
What is 20 + 2 + (42 - (84 - 53))?
33
Evaluate -18 + (-6 - -6) + -178 + 192 - -17.
13
What is the value of 8 + 2 + 1 - (3 - (3 + 17 + -11))?
17
Calculate -45 - (-132 + 67 + -46).
66
Evaluate 1 - 0 - -49 - (-20 + 13 + 15 + -12).
54
What is -1 + -33 - (24 - (17 - (17 - 27)))?
-31
Calculate (9 - 49) + -36 - -65.
-11
Evaluate 115 - (-135 + 145 + 16).
89
What is (2570 - 2518) + (1 - -22)?
75
Evaluate -8 + (-11 + -7 - 1) + 15 + -81.
-93
What is -33 - (109 - 68) - (3 + -3 - 21)?
-53
What is -53 + 107 + 43 + 34?
131
(-12 - -115) + 42 + -35 + 15 + (-1 - 3)
121
Evaluate 6 + -4 + -7 + (73 - 12 - 18) - -4.
42
-40 - -18 - 30 - (-15 + -1)
-36
Calculate 1 + -32 - (270 - (228 - -25)).
-48
What is the value of (135 - 178) + -5 + 72?
24
What is (24 + 12 - 98) + -34?
-96
What is (131 - (-47 - -121)) + -45?
12
5 - (9 + -17) - ((-1 - 57) + 2)
69
Evaluate (-9 - ((-12 - (-3 - 1)) + 24)) + -2.
-27
Evaluate 3 + -7 + 2 - (1522 - 1539) - (1 + 43).
-29
Calculate -3 + (1 - -1) + -1 + -7 + (0 - 24).
-33
Calculate 14 + (-8 - (-5 - 0)) + 2 - (-1233 + 1199).
47
What is 154 + (115 - 285) + (1 - 95)?
-110
What is the value of -469 + 380 + 24 + 5 + -5?
-65
Evaluate -5 - ((46 - (91 - -57)) + (19 - -4)).
74
Calculate -70 + 112 + -34 - 58.
-50
Calculate (21 - (-5 - -4) - 5) + -449 + 403.
-29
1 + 1 + -14 + 221 + -200 + 31
40
8 - (40 + (53 - 114))
29
Evaluate -1 + 40 + (54 - 8 - 42).
43
Calculate -81 + (-26 - (-29 - 28)) + 11.
-39
What is the value of 6 + 0 + (17 + 1 - (445 - 417))?
-4
(5 + -8 - -2 - 6 - 1) + (59 - 28)
23
19 + (-42 - (5 - -46))
-74
Evaluate -37 + (3 - (2 + 8 + -20)).
-24
Calculate (-5 - (0 - 0)) + -50 + (-22 - -78) - 44.
-43
What is -4 - -2 - (-48 - -139)?
-93
What is 20 + 1 + 8 + -13 + -9 + -12 + 24?
19
What is the value of 41 + 2 - (24 + -7 + -4 + -9)?
39
What is 7 + (3 + 6 - (-5 - (-11 - -35))) + -11?
34
What is -21 + (34 - 22) - (0 - 7)?
-2
Calculate -63 + (-34 - (2 - 77)) + 28.
6
Calculate (58 + -76 - -42) + -118 + 2.
-92
Calculate 89 + -148 + 42 - -159.
142
What is the value of (10 - 191) + -282 + 427?
-36
What is the value of -6 - (11 + -46 + 10)?
19
What is -22 + 15 - -7 - 19 - 29?
-48
Calculate -10 + (10 - 16) - (40 + -3 - 14).
-39
Evaluate -75 + -29 - -35 - -48.
-21
Evaluate -12 - (-5 - 9) - (-10 - (8 + -18 - -10)).
12
-1 + 22 + -1083 + 1081
19
(3 - -2 - (-8 + 5 + 9 - -8)) + 52
43
(-236 - (-398 - -156)) + 9 + -1 + -1
13
What is -590 - -567 - (1 - 14)?
-10
(-25 - 0) + (43 - (-67 - -126))
-41
What is the value of (31 - (34 + 0 - -30)) + -51?
-84
Evaluate (-2 - -16) + (-10 - -1 - 2) + 7 - 15.
-5
What is the value of (-20 + 16 - (3 + 2 + -12)) + -23?
-20
(-11 - (6 + -12) - 5) + 33 + -3
20
What is (5 - 1) + -1 - (-911 + (-910 - -1867))?
-43
-11 - 15 - (0 + 13 - (24 - 17))
-32
Calculate -83 + (-10 - ((-9 - 6) + 8 - 11)).
-75
What is 100 - (60 + -8) - 71?
-23
What is the value of -27 + -22 + 16 + 27 - (-21 + -5)?
20
What is (-30 - (5 - 7)) + -194 + 186?
-36
Evaluate (21 - 54) + 160 - 42 - (2 + -16).
99
What is 105 + -98 + (6 - 12 - 34) - 11?
-44
What is -11 + -27 + 36 + 35?
33
What is the value of -3295 + 3309 - (32 - 1)?
-17
What is the value of -18 - -112 - (28 + 10 - -3)?
53
Calculate 19 + (-16 + 25 + -7 + -5 - -7).
23
What is 2 + -12 + (95 - -1) + (-128 - -77 - -68)?
103
What is (2521 - 2510) + (-1 - -13)?
23
What is 1 - 8 - (-12 + -9 - (-84 + 55))?
-15
Calculate 75 + (-8 - (56 - 20)) - 7.
24
Calculate -23 - (31 + -9 - (8 + 4)).
-33
What is the value of -36 + -133 + 91 + 12?
-66
What is -4 - ((26 - 4) + -5 + -59 + -19)?
57
Evaluate -1692 - -1767 - (55 + 1).
19
What is 39 + -30 - 0 - (-8 + 11 - 19)?
25
What is the value of -12 + -31 - (27 - 49) - 14?
-35
-4 - (-1 - (44 + 2)) - (206 + -201)
38
59 - -2 - (-97 + 227)
-69
What is 2 + -2 + 12 - (-40 - -11 - -73)?
-32
What is 12 - (5 - 2) - (9 - (9 + -6 - -31))?
34
Calculate -3 + 17 + (1 + 10 - (7 - -10)).
8
What is the value of (19 - (-15 - -10)) + -57?
-33
Calculate (8 - 1) + (16 - 17 - -10) + 5.
21
Evaluate 106 - 68 - ((-6 - 7 - -3) + 7).
41
Evaluate -55 + (25 - -31 - 15) + 20.
6
What is the value of (38 - (-38 - -7)) + -3 + 22 - 17?
71
What is 58 + (-6 + (-4 - -2) - (46 - 56))?
60
(-14 - -1 - 54 - 4) + 13 + -6
-64
Calculate (-11 - (15 + -41 - -29 - (1 + -2))) + -101.
-116
What is 12 - (65 + 78 + -155)?
24
Evaluate -1 - 24 - (312 + -373).
36
What is (20 - -104) + -18 + 20 + (7 - 3) + -5?
125
What is 93 + -105 + -13 + -5 + -2?
-32
What is -4 + 23 + (52 - 36)?
35
What is -809 + 731 - ((2 - (-9 + 10)) + -4 + 1)?
-76
What is -95 - (56 - 95) - -64?
8
-241 + 93 + 28 + 7
-113
What is the value of -3 - 10 - (40 - (-48 - -96))?
-5
What is (-18 + 31 - (50 - 12)) + 17?
-8
What is (-3 - (3 + -23)) + -19 + 7 + -3 + 3?
5
Evaluate (15 - (-11 + 21 - 10)) + -1.
14
15 + 2 + 8 + -2 + (-7 - -13)
29
What is the value of 13 + (-24 - -52) + -26 + (1 - -1) + 106?
123
What is the value of (124 + -109 - -90) + (0 + 0 - 7)?
98
Calculate -3 + 82 + -9160 + 9064.
-17
What is the value of (-1 + 11 - 2) + (-28 - (-16 - -5))?
-9
55 + -3 + -18 + 20 + 6 - 13
47
What is 22 - ((-28 - (-4 + 12 + -24)) + -13)?
47
What is (51 - (-3 - -8)) + (7 - (6 + -11 + 5))?
53
Calculate -1 + 113 - (-88 + -18 + 45 + 46).
127
Evaluate -12 + 39 - (-21 - (-9 + -161)).
-122
What is the value of -75 + 18 + 0 - (6 + 4)?
-67
What is the value of 52 + 81 + -145 + (-82 - (-5 - (-3 + -4)))?
-96
43 + -17 - 23 - (-7 + 41)
-31
Calculate -124 + (-16 - (6 + -48)).
-98
What is the value of (-39 + -35 - -173) + -70?
29
Calculate 64 - (-12 + 28) - 41.
7
What is the value of 304 - 292 - (87 - (-1 - 0)) - -3?
-73
6 - ((-101 - 38) + 130)
15
What is the value of 22 - 8 - ((4 - 8) + (4 - 6) + 3)?
17
Evaluate 42 + -54 + (10 - (-11 - -20)).
-11
What is the value of -20 - (-9 + -36 - -52)?
-27
Calculate (9 - 7) + (-33 - (-21 - 11)) - (0 + -56).
57
-60 + -2 - (-646 + 602)
-18
What is the value of -3 - (1 - 4) - 7 - (1593 + -1586)?
-14
Evaluate 13 + -139 + (-5 - (-50 + 1)).
-82
Calculate -30 + (11 - -25) + (-12 - -7).
1
What is (0 - -86) + ((-2 - -13) + 0 - (-3944 - -3947))?
94
Evaluate -214 - -146 - -84 - ((0 - 1) + 9).
8
Evaluate 100 + (1 - 123) - 33.
-55
What is 1298 - 1315 - (-6 + (-3 - -8 - 7))?
-9
Evaluate -106 + 170 + (10 - 47).
27
What is -40 + 29 + -29 + 3 - -142?
105
What is the value of (6 - 6) + 16 + -48 + (-4 + -1 - 5)?
-42
What is the value of -15 + (8 + -12 + 0 - -3) + (-1 - 3)?
-20
What is -18 - (-13 + 8 + -7) - (-6 + 10)?
-10
76 - (-29 + 21) - (16 + 7 + -7)
68
What is the value of 9 - (14 - (-14 + 48))?
29
Calculate -7 + 55 + 16 + -13 + (1 + -4 - 5).
43
Evaluate (-6 - -34 - -8) + (-87 - -78).
27
What is the value of (-9 + -10 - 8) + (-3 - -12 - 13) + -8?
-39
-19 - -24 - (-31 - (-24 - 14))
-2
What is the value of 49 - (40 + -10 - 17)?
36
Calculate 7 + 32 + (-20 - 104).
-85
What is (-10 - (-16 + (0 - (0 + -5))) - 40) + -4?
-43
What is 0 - 4 - -12 - (123 + -145)?
30
(-36 - (2 - 2)) + (40 - 128) + 103
-21
What is 53 - (35 + 21 + -8)?
5
(-130 - -131) + 178 - 74
105
What is the value of (-6 - (-34 + 4)) + (-52 - 4)?
-32
Calculate 129 - (51 - (1 - -19)).
98
Calculate (1114 - 1035) + -173 + -9.
-103
What is 0 + -2 - (8 + -46 - (-10 - (6 - 1)))?
21
Calculate (-30 + (-6 - -20) - -35 - 23) + -32.
-36
79 + (110 - 87) + (-13 - 0 - (3 + -2))
88
Calculate -43 - 2 - (46 - (-129 + 192)).
-28
Evaluate 21 + -143 + 21 + 19 - -38.
-44
42321 + -42328 + (-1 - -105)
97
Evaluate -11 + 0 - -51 - (-1 + 4 - -2) - 7.
28
Evaluate 41 + (127 - 125 - (5 - -1 - -2)).
35
What is the value of 27 - (-31 + (-8 - -14 - -15))?
37
36 - (93 - 80 - -54)
-31
What is 2 + -10 - (-2 - (-3 + (27 - (-2 + 4))))?
16
(17 + -30 - 4 - -6) + -4 + 55
40
What is (-1 + 9 + -14 - (-7 - 0)) + -48?
-47
What is the value of -131 + 105 + (12 + -2 - -1)?
-15
-1 + 2 +